[INFO] cloning repository https://github.com/HarvestGame/RenderingPrototype
[INFO] running `Command { std: "git" "-c" "credential.helper=" "-c" "credential.helper=/workspace/cargo-home/bin/git-credential-null" "clone" "--bare" "https://github.com/HarvestGame/RenderingPrototype" "/workspace/cache/git-repos/https%3A%2F%2Fgithub.com%2FHarvestGame%2FRenderingPrototype", kill_on_drop: false }`
[INFO] [stderr] Cloning into bare repository '/workspace/cache/git-repos/https%3A%2F%2Fgithub.com%2FHarvestGame%2FRenderingPrototype'...
[INFO] running `Command { std: "git" "rev-parse" "HEAD", kill_on_drop: false }`
[INFO] [stdout] 1c2b25bd71fedc3e24313325905f468c613bd2a2
[INFO] checking HarvestGame/RenderingPrototype against master#af3c6e733a40e671550e0f0f5aeecaa13772ba56 for pr-74989
[INFO] running `Command { std: "git" "clone" "/workspace/cache/git-repos/https%3A%2F%2Fgithub.com%2FHarvestGame%2FRenderingPrototype" "/workspace/builds/worker-8/source", kill_on_drop: false }`
[INFO] [stderr] Cloning into '/workspace/builds/worker-8/source'...
[INFO] [stderr] done.
[INFO] validating manifest of git repo https://github.com/HarvestGame/RenderingPrototype on toolchain af3c6e733a40e671550e0f0f5aeecaa13772ba56
[INFO] running `Command { std: "/workspace/cargo-home/bin/cargo" "+af3c6e733a40e671550e0f0f5aeecaa13772ba56" "read-manifest" "--manifest-path" "Cargo.toml", kill_on_drop: false }`
[INFO] started tweaking git repo https://github.com/HarvestGame/RenderingPrototype
[INFO] finished tweaking git repo https://github.com/HarvestGame/RenderingPrototype
[INFO] tweaked toml for git repo https://github.com/HarvestGame/RenderingPrototype written to /workspace/builds/worker-8/source/Cargo.toml
[INFO] crate git repo https://github.com/HarvestGame/RenderingPrototype already has a lockfile, it will not be regenerated
[INFO] running `Command { std: "/workspace/cargo-home/bin/cargo" "+af3c6e733a40e671550e0f0f5aeecaa13772ba56" "fetch" "--locked" "--manifest-path" "Cargo.toml", kill_on_drop: false }`
[INFO] [stderr] error: the lock file /workspace/builds/worker-8/source/Cargo.lock needs to be updated but --locked was passed to prevent this
[INFO] [stderr] If you want to try to generate the lock file without accessing the network, use the --offline flag.
[INFO] the lockfile is outdated, regenerating it
[INFO] running `Command { std: "/workspace/cargo-home/bin/cargo" "+af3c6e733a40e671550e0f0f5aeecaa13772ba56" "generate-lockfile" "--manifest-path" "Cargo.toml" "-Zno-index-update", kill_on_drop: false }`
[INFO] [stderr]     Blocking waiting for file lock on package cache
[INFO] running `Command { std: "/workspace/cargo-home/bin/cargo" "+af3c6e733a40e671550e0f0f5aeecaa13772ba56" "fetch" "--locked" "--manifest-path" "Cargo.toml", kill_on_drop: false }`
[INFO] [stderr]     Blocking waiting for file lock on package cache
[INFO] running `Command { std: "docker" "create" "-v" "/var/lib/crater-agent-workspace/builds/worker-8/target:/opt/rustwide/target:rw,Z" "-v" "/var/lib/crater-agent-workspace/builds/worker-8/source:/opt/rustwide/workdir:ro,Z" "-v" "/var/lib/crater-agent-workspace/cargo-home:/opt/rustwide/cargo-home:ro,Z" "-v" "/var/lib/crater-agent-workspace/rustup-home:/opt/rustwide/rustup-home:ro,Z" "-e" "SOURCE_DIR=/opt/rustwide/workdir" "-e" "CARGO_TARGET_DIR=/opt/rustwide/target" "-e" "CARGO_HOME=/opt/rustwide/cargo-home" "-e" "RUSTUP_HOME=/opt/rustwide/rustup-home" "-w" "/opt/rustwide/workdir" "-m" "1610612736" "--user" "0:0" "--network" "none" "rustops/crates-build-env@sha256:d92eaeed33fa75130ca1ee6c8a01d1ffb62bac859dfdfb3450e3e5d1c0146529" "/opt/rustwide/cargo-home/bin/cargo" "+af3c6e733a40e671550e0f0f5aeecaa13772ba56" "metadata" "--no-deps" "--format-version=1", kill_on_drop: false }`
[INFO] [stderr] WARNING: Your kernel does not support swap limit capabilities or the cgroup is not mounted. Memory limited without swap.
[INFO] [stdout] 143d3e3862a9d9dec85fba57a1d7b25e7c5306e2302368b4298b6948953f009c
[INFO] running `Command { std: "docker" "start" "-a" "143d3e3862a9d9dec85fba57a1d7b25e7c5306e2302368b4298b6948953f009c", kill_on_drop: false }`
[INFO] running `Command { std: "docker" "inspect" "143d3e3862a9d9dec85fba57a1d7b25e7c5306e2302368b4298b6948953f009c", kill_on_drop: false }`
[INFO] running `Command { std: "docker" "rm" "-f" "143d3e3862a9d9dec85fba57a1d7b25e7c5306e2302368b4298b6948953f009c", kill_on_drop: false }`
[INFO] [stdout] 143d3e3862a9d9dec85fba57a1d7b25e7c5306e2302368b4298b6948953f009c
[INFO] running `Command { std: "docker" "create" "-v" "/var/lib/crater-agent-workspace/builds/worker-8/target:/opt/rustwide/target:rw,Z" "-v" "/var/lib/crater-agent-workspace/builds/worker-8/source:/opt/rustwide/workdir:ro,Z" "-v" "/var/lib/crater-agent-workspace/cargo-home:/opt/rustwide/cargo-home:ro,Z" "-v" "/var/lib/crater-agent-workspace/rustup-home:/opt/rustwide/rustup-home:ro,Z" "-e" "SOURCE_DIR=/opt/rustwide/workdir" "-e" "CARGO_TARGET_DIR=/opt/rustwide/target" "-e" "CARGO_INCREMENTAL=0" "-e" "RUST_BACKTRACE=full" "-e" "RUSTFLAGS=--cap-lints=forbid" "-e" "CARGO_HOME=/opt/rustwide/cargo-home" "-e" "RUSTUP_HOME=/opt/rustwide/rustup-home" "-w" "/opt/rustwide/workdir" "-m" "1610612736" "--user" "0:0" "--network" "none" "rustops/crates-build-env@sha256:d92eaeed33fa75130ca1ee6c8a01d1ffb62bac859dfdfb3450e3e5d1c0146529" "/opt/rustwide/cargo-home/bin/cargo" "+af3c6e733a40e671550e0f0f5aeecaa13772ba56" "check" "--frozen" "--all" "--all-targets" "--message-format=json", kill_on_drop: false }`
[INFO] [stdout] 8c33992f3e6f9c8d62bdb21f1fe745fd743e565f95cdb24ecb2cb23960e34542
[INFO] [stderr] WARNING: Your kernel does not support swap limit capabilities or the cgroup is not mounted. Memory limited without swap.
[INFO] running `Command { std: "docker" "start" "-a" "8c33992f3e6f9c8d62bdb21f1fe745fd743e565f95cdb24ecb2cb23960e34542", kill_on_drop: false }`
[INFO] [stderr]     Blocking waiting for file lock on package cache
[INFO] [stderr]    Compiling libc v0.2.77
[INFO] [stderr]     Checking cfg-if v0.1.10
[INFO] [stderr]    Compiling proc-macro2 v0.4.30
[INFO] [stderr]    Compiling unicode-xid v0.1.0
[INFO] [stderr]    Compiling khronos_api v3.1.0
[INFO] [stderr]    Compiling bitflags v1.2.1
[INFO] [stderr]     Checking lazy_static v1.4.0
[INFO] [stderr]    Compiling nix v0.14.1
[INFO] [stderr]     Checking slab v0.4.2
[INFO] [stderr]     Checking void v1.0.2
[INFO] [stderr]    Compiling maybe-uninit v2.0.0
[INFO] [stderr]     Checking same-file v1.0.6
[INFO] [stderr]     Checking scopeguard v1.1.0
[INFO] [stderr]     Checking xdg v2.2.0
[INFO] [stderr]     Checking instant v0.1.6
[INFO] [stderr]     Checking percent-encoding v2.1.0
[INFO] [stderr]     Checking rawpointer v0.2.1
[INFO] [stderr]     Checking takeable-option v0.5.0
[INFO] [stderr]    Compiling num-traits v0.2.12
[INFO] [stderr]    Compiling num-integer v0.1.43
[INFO] [stderr]    Compiling num-complex v0.2.4
[INFO] [stderr]    Compiling num-rational v0.2.4
[INFO] [stderr]    Compiling paste-impl v0.1.18
[INFO] [stderr]     Checking lock_api v0.3.4
[INFO] [stderr]     Checking walkdir v2.3.1
[INFO] [stderr]     Checking matrixmultiply v0.2.3
[INFO] [stderr]    Compiling log v0.4.11
[INFO] [stderr]     Checking libloading v0.6.3
[INFO] [stderr]     Checking stb_truetype v0.3.1
[INFO] [stderr]     Checking generic-array v0.13.2
[INFO] [stderr]     Checking dlib v0.4.2
[INFO] [stderr]     Checking wayland-sys v0.23.6
[INFO] [stderr]    Compiling gl_generator v0.14.0
[INFO] [stderr]     Checking paste v0.1.18
[INFO] [stderr]    Compiling quote v0.6.13
[INFO] [stderr]    Compiling wayland-scanner v0.23.6
[INFO] [stderr]     Checking iovec v0.1.4
[INFO] [stderr]     Checking net2 v0.2.35
[INFO] [stderr]     Checking getrandom v0.1.15
[INFO] [stderr]     Checking x11-dl v2.18.5
[INFO] [stderr]     Checking memmap v0.7.0
[INFO] [stderr]     Checking parking_lot_core v0.7.2
[INFO] [stderr]     Checking raw-window-handle v0.3.3
[INFO] [stderr]     Checking shared_library v0.1.9
[INFO] [stderr]     Checking backtrace v0.3.50
[INFO] [stderr]     Checking approx v0.3.2
[INFO] [stderr]     Checking ordered-float v1.1.0
[INFO] [stderr]     Checking line_drawing v0.7.0
[INFO] [stderr]     Checking osmesa-sys v0.1.2
[INFO] [stderr]     Checking rand_core v0.5.1
[INFO] [stderr]     Checking mio v0.6.22
[INFO] [stderr]     Checking rusttype v0.8.3
[INFO] [stderr]     Checking parking_lot v0.10.2
[INFO] [stderr]     Checking rand_chacha v0.2.2
[INFO] [stderr]    Compiling glutin_glx_sys v0.1.7
[INFO] [stderr]    Compiling glutin_egl_sys v0.1.5
[INFO] [stderr]    Compiling glium v0.27.0
[INFO] [stderr]     Checking simba v0.2.0
[INFO] [stderr]     Checking rand v0.7.3
[INFO] [stderr]     Checking rusttype v0.7.9
[INFO] [stderr]     Checking andrew v0.2.1
[INFO] [stderr]     Checking mio-extras v2.0.6
[INFO] [stderr]     Checking rand_distr v0.2.2
[INFO] [stderr]     Checking nalgebra v0.22.0
[INFO] [stderr]    Compiling wayland-client v0.23.6
[INFO] [stderr]    Compiling wayland-protocols v0.23.6
[INFO] [stderr]     Checking calloop v0.4.4
[INFO] [stderr]     Checking wayland-commons v0.23.6
[INFO] [stderr]     Checking smithay-client-toolkit v0.6.6
[INFO] [stderr]     Checking winit v0.22.2
[INFO] [stderr]     Checking glutin v0.24.1
[INFO] [stderr]     Checking sphere_prototype v0.1.0 (/opt/rustwide/workdir)
[INFO] [stdout] error[E0432]: unresolved import `glium::DisplayBuild`
[INFO] [stdout]   --> src/main.rs:37:9
[INFO] [stdout]    |
[INFO] [stdout] 37 |     use glium::DisplayBuild;
[INFO] [stdout]    |         ^^^^^^^^^^^^^^^^^^^ no `DisplayBuild` in the root
[INFO] [stdout] 
[INFO] [stdout] 
[INFO] [stdout] error[E0433]: failed to resolve: could not find `PerspMat3` in `nalgebra`
[INFO] [stdout]   --> src/main.rs:14:12
[INFO] [stdout]    |
[INFO] [stdout] 14 |     nalgebra::PerspMat3::<f32>::new(width/height, std::f32::consts::FRAC_PI_3, 0.1, 20.0)
[INFO] [stdout]    |               ^^^^^^^^^ could not find `PerspMat3` in `nalgebra`
[INFO] [stdout] 
[INFO] [stdout] 
[INFO] [stdout] error[E0433]: failed to resolve: could not find `Vec3` in `nalgebra`
[INFO] [stdout]   --> src/main.rs:18:12
[INFO] [stdout]    |
[INFO] [stdout] 18 |     nalgebra::Vec3::<f32>::new(input[0], input[1], input[2])
[INFO] [stdout]    |               ^^^^ could not find `Vec3` in `nalgebra`
[INFO] [stdout] 
[INFO] [stdout] 
[INFO] [stdout] error[E0433]: failed to resolve: could not find `Vec3` in `nalgebra`
[INFO] [stdout]    --> src/main.rs:135:43
[INFO] [stdout]     |
[INFO] [stdout] 135 |     camera.append_rotation_mut(&nalgebra::Vec3::new(0.0,std::f32::consts::PI,0.0));
[INFO] [stdout]     |                                           ^^^^ could not find `Vec3` in `nalgebra`
[INFO] [stdout] 
[INFO] [stdout] 
[INFO] [stdout] error[E0432]: unresolved import `glium::DisplayBuild`
[INFO] [stdout]   --> src/main.rs:37:9
[INFO] [stdout]    |
[INFO] [stdout] 37 |     use glium::DisplayBuild;
[INFO] [stdout]    |         ^^^^^^^^^^^^^^^^^^^ no `DisplayBuild` in the root
[INFO] [stdout] 
[INFO] [stdout] 
[INFO] [stdout] error[E0433]: failed to resolve: could not find `Event` in `glutin`
[INFO] [stdout]    --> src/main.rs:215:32
[INFO] [stdout]     |
[INFO] [stdout] 215 |                 glium::glutin::Event::Closed => return,   // the window has been closed by the user
[INFO] [stdout]     |                                ^^^^^ could not find `Event` in `glutin`
[INFO] [stdout] 
[INFO] [stdout] 
[INFO] [stdout] error[E0433]: failed to resolve: could not find `Event` in `glutin`
[INFO] [stdout]    --> src/main.rs:216:32
[INFO] [stdout]     |
[INFO] [stdout] 216 |                 glium::glutin::Event::Resized(new_width, new_height) => {
[INFO] [stdout]     |                                ^^^^^ could not find `Event` in `glutin`
[INFO] [stdout] 
[INFO] [stdout] 
[INFO] [stdout] error[E0433]: failed to resolve: could not find `Event` in `glutin`
[INFO] [stdout]    --> src/main.rs:221:32
[INFO] [stdout]     |
[INFO] [stdout] 221 |                 glium::glutin::Event::KeyboardInput(_, key, _) => {
[INFO] [stdout]     |                                ^^^^^ could not find `Event` in `glutin`
[INFO] [stdout] 
[INFO] [stdout] 
[INFO] [stdout] error[E0433]: failed to resolve: could not find `Vec3` in `nalgebra`
[INFO] [stdout]    --> src/main.rs:223:60
[INFO] [stdout]     |
[INFO] [stdout] 223 |                         camera.append_translation_mut(&nalgebra::Vec3::new(0.0,-0.1,0.0));
[INFO] [stdout]     |                                                                  ^^^^ could not find `Vec3` in `nalgebra`
[INFO] [stdout] 
[INFO] [stdout] 
[INFO] [stdout] error[E0433]: failed to resolve: could not find `Vec3` in `nalgebra`
[INFO] [stdout]    --> src/main.rs:225:60
[INFO] [stdout]     |
[INFO] [stdout] 225 |                         camera.append_translation_mut(&nalgebra::Vec3::new(0.0,0.1,0.0));
[INFO] [stdout]     |                                                                  ^^^^ could not find `Vec3` in `nalgebra`
[INFO] [stdout] 
[INFO] [stdout] 
[INFO] [stdout] error[E0433]: failed to resolve: could not find `Vec3` in `nalgebra`
[INFO] [stdout]    --> src/main.rs:227:60
[INFO] [stdout]     |
[INFO] [stdout] 227 |                         camera.append_translation_mut(&nalgebra::Vec3::new(0.0,0.0,-0.1));
[INFO] [stdout]     |                                                                  ^^^^ could not find `Vec3` in `nalgebra`
[INFO] [stdout] 
[INFO] [stdout] 
[INFO] [stdout] error[E0433]: failed to resolve: could not find `Vec3` in `nalgebra`
[INFO] [stdout]    --> src/main.rs:229:60
[INFO] [stdout]     |
[INFO] [stdout] 229 |                         camera.append_translation_mut(&nalgebra::Vec3::new(0.0,0.0,0.1));
[INFO] [stdout]     |                                                                  ^^^^ could not find `Vec3` in `nalgebra`
[INFO] [stdout] 
[INFO] [stdout] 
[INFO] [stdout] error[E0433]: failed to resolve: could not find `Vec3` in `nalgebra`
[INFO] [stdout]    --> src/main.rs:231:57
[INFO] [stdout]     |
[INFO] [stdout] 231 |                         camera.append_rotation_mut(&nalgebra::Vec3::new(0.0,-0.1,0.0));
[INFO] [stdout]     |                                                               ^^^^ could not find `Vec3` in `nalgebra`
[INFO] [stdout] 
[INFO] [stdout] 
[INFO] [stdout] error[E0433]: failed to resolve: could not find `Vec3` in `nalgebra`
[INFO] [stdout]    --> src/main.rs:233:57
[INFO] [stdout]     |
[INFO] [stdout] 233 |                         camera.append_rotation_mut(&nalgebra::Vec3::new(0.0,0.1,0.0));
[INFO] [stdout]     |                                                               ^^^^ could not find `Vec3` in `nalgebra`
[INFO] [stdout] 
[INFO] [stdout] 
[INFO] [stdout] error[E0433]: failed to resolve: could not find `Vec3` in `nalgebra`
[INFO] [stdout]    --> src/main.rs:235:60
[INFO] [stdout]     |
[INFO] [stdout] 235 |                         camera.append_translation_mut(&nalgebra::Vec3::new(-0.1,0.0,0.0));
[INFO] [stdout]     |                                                                  ^^^^ could not find `Vec3` in `nalgebra`
[INFO] [stdout] 
[INFO] [stdout] 
[INFO] [stdout] error[E0433]: failed to resolve: could not find `Vec3` in `nalgebra`
[INFO] [stdout]    --> src/main.rs:237:60
[INFO] [stdout]     |
[INFO] [stdout] 237 |                         camera.append_translation_mut(&nalgebra::Vec3::new(0.1,0.0,0.0));
[INFO] [stdout]     |                                                                  ^^^^ could not find `Vec3` in `nalgebra`
[INFO] [stdout] 
[INFO] [stdout] 
[INFO] [stdout] error[E0412]: cannot find type `PerspMat3` in crate `nalgebra`
[INFO] [stdout]   --> src/main.rs:13:62
[INFO] [stdout]    |
[INFO] [stdout] 13 | fn create_perspective(width: f32, height: f32) ->  nalgebra::PerspMat3<f32> {
[INFO] [stdout]    |                                                              ^^^^^^^^^ not found in `nalgebra`
[INFO] [stdout] 
[INFO] [stdout] 
[INFO] [stdout] error[E0412]: cannot find type `Vec3` in crate `nalgebra`
[INFO] [stdout]   --> src/main.rs:17:40
[INFO] [stdout]    |
[INFO] [stdout] 17 | fn tovec(input: [f32; 3]) -> nalgebra::Vec3<f32> {
[INFO] [stdout]    |                                        ^^^^ not found in `nalgebra`
[INFO] [stdout]    |
[INFO] [stdout] help: there is an enum variant `glium::RawUniformValue::Vec3` and 1 other; try using the variant's enum
[INFO] [stdout]    |
[INFO] [stdout] 17 | fn tovec(input: [f32; 3]) -> glium::RawUniformValue {
[INFO] [stdout]    |                              ^^^^^^^^^^^^^^^^^^^^^^
[INFO] [stdout] 17 | fn tovec(input: [f32; 3]) -> glium::uniforms::UniformValue {
[INFO] [stdout]    |                              ^^^^^^^^^^^^^^^^^^^^^^^^^^^^^
[INFO] [stdout] 
[INFO] [stdout] 
[INFO] [stdout] error[E0412]: cannot find type `Vec3` in crate `nalgebra`
[INFO] [stdout]   --> src/main.rs:21:53
[INFO] [stdout]    |
[INFO] [stdout] 21 | fn tesslate(radius: f32, input_vertices: [nalgebra::Vec3<f32>; 3], input_vertex_indecis: [u16; 3], next_index: u16) -> ([nalgebra::Vec3<f...
[INFO] [stdout]    |                                                     ^^^^ not found in `nalgebra`
[INFO] [stdout]    |
[INFO] [stdout] help: there is an enum variant `glium::RawUniformValue::Vec3` and 1 other; try using the variant's enum
[INFO] [stdout]    |
[INFO] [stdout] 21 | fn tesslate(radius: f32, input_vertices: [glium::RawUniformValue; 3], input_vertex_indecis: [u16; 3], next_index: u16) -> ([nalgebra::Vec3<f32>; 3], [[u16; 3]; 4]) {
[INFO] [stdout]    |                                           ^^^^^^^^^^^^^^^^^^^^^^
[INFO] [stdout] 21 | fn tesslate(radius: f32, input_vertices: [glium::uniforms::UniformValue; 3], input_vertex_indecis: [u16; 3], next_index: u16) -> ([nalgebra::Vec3<f32>; 3], [[u16; 3]; 4]) {
[INFO] [stdout]    |                                           ^^^^^^^^^^^^^^^^^^^^^^^^^^^^^
[INFO] [stdout] 
[INFO] [stdout] 
[INFO] [stdout] error[E0412]: cannot find type `Vec3` in crate `nalgebra`
[INFO] [stdout]   --> src/main.rs:21:132
[INFO] [stdout]    |
[INFO] [stdout] 21 | ...x_indecis: [u16; 3], next_index: u16) -> ([nalgebra::Vec3<f32>; 3], [[u16; 3]; 4]) {
[INFO] [stdout]    |                                                         ^^^^ not found in `nalgebra`
[INFO] [stdout]    |
[INFO] [stdout] help: there is an enum variant `glium::RawUniformValue::Vec3` and 1 other; try using the variant's enum
[INFO] [stdout]    |
[INFO] [stdout] 21 | fn tesslate(radius: f32, input_vertices: [nalgebra::Vec3<f32>; 3], input_vertex_indecis: [u16; 3], next_index: u16) -> ([glium::RawUniformValue; 3], [[u16; 3]; 4]) {
[INFO] [stdout]    |                                                                                                                          ^^^^^^^^^^^^^^^^^^^^^^
[INFO] [stdout] 21 | fn tesslate(radius: f32, input_vertices: [nalgebra::Vec3<f32>; 3], input_vertex_indecis: [u16; 3], next_index: u16) -> ([glium::uniforms::UniformValue; 3], [[u16; 3]; 4]) {
[INFO] [stdout]    |                                                                                                                          ^^^^^^^^^^^^^^^^^^^^^^^^^^^^^
[INFO] [stdout] 
[INFO] [stdout] 
[INFO] [stdout] error[E0433]: failed to resolve: could not find `WindowBuilder` in `glutin`
[INFO] [stdout]   --> src/main.rs:42:34
[INFO] [stdout]    |
[INFO] [stdout] 42 |     let display = glium::glutin::WindowBuilder::new()
[INFO] [stdout]    |                                  ^^^^^^^^^^^^^ not found in `glium::glutin`
[INFO] [stdout]    |
[INFO] [stdout] help: consider importing this struct
[INFO] [stdout]    |
[INFO] [stdout] 7  | use glium::glutin::window::WindowBuilder;
[INFO] [stdout]    |
[INFO] [stdout] 
[INFO] [stdout] 
[INFO] [stdout] error[E0412]: cannot find type `Iso3` in crate `nalgebra`
[INFO] [stdout]    --> src/main.rs:134:31
[INFO] [stdout]     |
[INFO] [stdout] 134 |     let mut camera: nalgebra::Iso3<f32> = nalgebra::one();
[INFO] [stdout]     |                               ^^^^ not found in `nalgebra`
[INFO] [stdout] 
[INFO] [stdout] 
[INFO] [stdout] warning: unused import: `nalgebra::*`
[INFO] [stdout]   --> src/main.rs:22:6
[INFO] [stdout]    |
[INFO] [stdout] 22 |     use nalgebra::*;
[INFO] [stdout]    |         ^^^^^^^^^^^
[INFO] [stdout]    |
[INFO] [stdout]    = note: `#[warn(unused_imports)]` on by default
[INFO] [stdout] 
[INFO] [stdout] 
[INFO] [stdout] error[E0433]: failed to resolve: could not find `PerspMat3` in `nalgebra`
[INFO] [stdout]   --> src/main.rs:14:12
[INFO] [stdout]    |
[INFO] [stdout] 14 |     nalgebra::PerspMat3::<f32>::new(width/height, std::f32::consts::FRAC_PI_3, 0.1, 20.0)
[INFO] [stdout]    |               ^^^^^^^^^ could not find `PerspMat3` in `nalgebra`
[INFO] [stdout] 
[INFO] [stdout] 
[INFO] [stdout] error[E0433]: failed to resolve: could not find `Vec3` in `nalgebra`
[INFO] [stdout]   --> src/main.rs:18:12
[INFO] [stdout]    |
[INFO] [stdout] 18 |     nalgebra::Vec3::<f32>::new(input[0], input[1], input[2])
[INFO] [stdout]    |               ^^^^ could not find `Vec3` in `nalgebra`
[INFO] [stdout] 
[INFO] [stdout] 
[INFO] [stdout] error[E0433]: failed to resolve: could not find `Vec3` in `nalgebra`
[INFO] [stdout]    --> src/main.rs:135:43
[INFO] [stdout]     |
[INFO] [stdout] 135 |     camera.append_rotation_mut(&nalgebra::Vec3::new(0.0,std::f32::consts::PI,0.0));
[INFO] [stdout]     |                                           ^^^^ could not find `Vec3` in `nalgebra`
[INFO] [stdout] 
[INFO] [stdout] 
[INFO] [stdout] error[E0433]: failed to resolve: could not find `Event` in `glutin`
[INFO] [stdout]    --> src/main.rs:215:32
[INFO] [stdout]     |
[INFO] [stdout] 215 |                 glium::glutin::Event::Closed => return,   // the window has been closed by the user
[INFO] [stdout]     |                                ^^^^^ could not find `Event` in `glutin`
[INFO] [stdout] 
[INFO] [stdout] 
[INFO] [stdout] error[E0433]: failed to resolve: could not find `Event` in `glutin`
[INFO] [stdout]    --> src/main.rs:216:32
[INFO] [stdout]     |
[INFO] [stdout] 216 |                 glium::glutin::Event::Resized(new_width, new_height) => {
[INFO] [stdout]     |                                ^^^^^ could not find `Event` in `glutin`
[INFO] [stdout] 
[INFO] [stdout] 
[INFO] [stdout] error[E0433]: failed to resolve: could not find `Event` in `glutin`
[INFO] [stdout]    --> src/main.rs:221:32
[INFO] [stdout]     |
[INFO] [stdout] 221 |                 glium::glutin::Event::KeyboardInput(_, key, _) => {
[INFO] [stdout]     |                                ^^^^^ could not find `Event` in `glutin`
[INFO] [stdout] 
[INFO] [stdout] 
[INFO] [stdout] error[E0433]: failed to resolve: could not find `Vec3` in `nalgebra`
[INFO] [stdout]    --> src/main.rs:223:60
[INFO] [stdout]     |
[INFO] [stdout] 223 |                         camera.append_translation_mut(&nalgebra::Vec3::new(0.0,-0.1,0.0));
[INFO] [stdout]     |                                                                  ^^^^ could not find `Vec3` in `nalgebra`
[INFO] [stdout] 
[INFO] [stdout] 
[INFO] [stdout] error[E0433]: failed to resolve: could not find `Vec3` in `nalgebra`
[INFO] [stdout]    --> src/main.rs:225:60
[INFO] [stdout]     |
[INFO] [stdout] 225 |                         camera.append_translation_mut(&nalgebra::Vec3::new(0.0,0.1,0.0));
[INFO] [stdout]     |                                                                  ^^^^ could not find `Vec3` in `nalgebra`
[INFO] [stdout] 
[INFO] [stdout] 
[INFO] [stdout] error[E0433]: failed to resolve: could not find `Vec3` in `nalgebra`
[INFO] [stdout]    --> src/main.rs:227:60
[INFO] [stdout]     |
[INFO] [stdout] 227 |                         camera.append_translation_mut(&nalgebra::Vec3::new(0.0,0.0,-0.1));
[INFO] [stdout]     |                                                                  ^^^^ could not find `Vec3` in `nalgebra`
[INFO] [stdout] 
[INFO] [stdout] 
[INFO] [stdout] error[E0433]: failed to resolve: could not find `Vec3` in `nalgebra`
[INFO] [stdout]    --> src/main.rs:229:60
[INFO] [stdout]     |
[INFO] [stdout] 229 |                         camera.append_translation_mut(&nalgebra::Vec3::new(0.0,0.0,0.1));
[INFO] [stdout]     |                                                                  ^^^^ could not find `Vec3` in `nalgebra`
[INFO] [stdout] 
[INFO] [stdout] 
[INFO] [stdout] error[E0433]: failed to resolve: could not find `Vec3` in `nalgebra`
[INFO] [stdout]    --> src/main.rs:231:57
[INFO] [stdout]     |
[INFO] [stdout] 231 |                         camera.append_rotation_mut(&nalgebra::Vec3::new(0.0,-0.1,0.0));
[INFO] [stdout]     |                                                               ^^^^ could not find `Vec3` in `nalgebra`
[INFO] [stdout] 
[INFO] [stdout] 
[INFO] [stdout] error[E0433]: failed to resolve: could not find `Vec3` in `nalgebra`
[INFO] [stdout]    --> src/main.rs:233:57
[INFO] [stdout]     |
[INFO] [stdout] 233 |                         camera.append_rotation_mut(&nalgebra::Vec3::new(0.0,0.1,0.0));
[INFO] [stdout]     |                                                               ^^^^ could not find `Vec3` in `nalgebra`
[INFO] [stdout] 
[INFO] [stdout] 
[INFO] [stdout] error[E0433]: failed to resolve: could not find `Vec3` in `nalgebra`
[INFO] [stdout]    --> src/main.rs:235:60
[INFO] [stdout]     |
[INFO] [stdout] 235 |                         camera.append_translation_mut(&nalgebra::Vec3::new(-0.1,0.0,0.0));
[INFO] [stdout]     |                                                                  ^^^^ could not find `Vec3` in `nalgebra`
[INFO] [stdout] 
[INFO] [stdout] 
[INFO] [stdout] error[E0433]: failed to resolve: could not find `Vec3` in `nalgebra`
[INFO] [stdout]    --> src/main.rs:237:60
[INFO] [stdout]     |
[INFO] [stdout] 237 |                         camera.append_translation_mut(&nalgebra::Vec3::new(0.1,0.0,0.0));
[INFO] [stdout]     |                                                                  ^^^^ could not find `Vec3` in `nalgebra`
[INFO] [stdout] 
[INFO] [stdout] 
[INFO] [stdout] error[E0412]: cannot find type `PerspMat3` in crate `nalgebra`
[INFO] [stdout]   --> src/main.rs:13:62
[INFO] [stdout]    |
[INFO] [stdout] 13 | fn create_perspective(width: f32, height: f32) ->  nalgebra::PerspMat3<f32> {
[INFO] [stdout]    |                                                              ^^^^^^^^^ not found in `nalgebra`
[INFO] [stdout] 
[INFO] [stdout] 
[INFO] [stdout] error[E0412]: cannot find type `Vec3` in crate `nalgebra`
[INFO] [stdout]   --> src/main.rs:17:40
[INFO] [stdout]    |
[INFO] [stdout] 17 | fn tovec(input: [f32; 3]) -> nalgebra::Vec3<f32> {
[INFO] [stdout]    |                                        ^^^^ not found in `nalgebra`
[INFO] [stdout]    |
[INFO] [stdout] help: there is an enum variant `glium::RawUniformValue::Vec3` and 1 other; try using the variant's enum
[INFO] [stdout]    |
[INFO] [stdout] 17 | fn tovec(input: [f32; 3]) -> glium::RawUniformValue {
[INFO] [stdout]    |                              ^^^^^^^^^^^^^^^^^^^^^^
[INFO] [stdout] 17 | fn tovec(input: [f32; 3]) -> glium::uniforms::UniformValue {
[INFO] [stdout]    |                              ^^^^^^^^^^^^^^^^^^^^^^^^^^^^^
[INFO] [stdout] 
[INFO] [stdout] 
[INFO] [stdout] error[E0412]: cannot find type `Vec3` in crate `nalgebra`
[INFO] [stdout]   --> src/main.rs:21:53
[INFO] [stdout]    |
[INFO] [stdout] 21 | fn tesslate(radius: f32, input_vertices: [nalgebra::Vec3<f32>; 3], input_vertex_indecis: [u16; 3], next_index: u16) -> ([nalgebra::Vec3<f...
[INFO] [stdout]    |                                                     ^^^^ not found in `nalgebra`
[INFO] [stdout]    |
[INFO] [stdout] help: there is an enum variant `glium::RawUniformValue::Vec3` and 1 other; try using the variant's enum
[INFO] [stdout]    |
[INFO] [stdout] 21 | fn tesslate(radius: f32, input_vertices: [glium::RawUniformValue; 3], input_vertex_indecis: [u16; 3], next_index: u16) -> ([nalgebra::Vec3<f32>; 3], [[u16; 3]; 4]) {
[INFO] [stdout]    |                                           ^^^^^^^^^^^^^^^^^^^^^^
[INFO] [stdout] 21 | fn tesslate(radius: f32, input_vertices: [glium::uniforms::UniformValue; 3], input_vertex_indecis: [u16; 3], next_index: u16) -> ([nalgebra::Vec3<f32>; 3], [[u16; 3]; 4]) {
[INFO] [stdout]    |                                           ^^^^^^^^^^^^^^^^^^^^^^^^^^^^^
[INFO] [stdout] 
[INFO] [stdout] 
[INFO] [stdout] error[E0412]: cannot find type `Vec3` in crate `nalgebra`
[INFO] [stdout]   --> src/main.rs:21:132
[INFO] [stdout]    |
[INFO] [stdout] 21 | ...x_indecis: [u16; 3], next_index: u16) -> ([nalgebra::Vec3<f32>; 3], [[u16; 3]; 4]) {
[INFO] [stdout]    |                                                         ^^^^ not found in `nalgebra`
[INFO] [stdout]    |
[INFO] [stdout] help: there is an enum variant `glium::RawUniformValue::Vec3` and 1 other; try using the variant's enum
[INFO] [stdout]    |
[INFO] [stdout] 21 | fn tesslate(radius: f32, input_vertices: [nalgebra::Vec3<f32>; 3], input_vertex_indecis: [u16; 3], next_index: u16) -> ([glium::RawUniformValue; 3], [[u16; 3]; 4]) {
[INFO] [stdout]    |                                                                                                                          ^^^^^^^^^^^^^^^^^^^^^^
[INFO] [stdout] 21 | fn tesslate(radius: f32, input_vertices: [nalgebra::Vec3<f32>; 3], input_vertex_indecis: [u16; 3], next_index: u16) -> ([glium::uniforms::UniformValue; 3], [[u16; 3]; 4]) {
[INFO] [stdout]    |                                                                                                                          ^^^^^^^^^^^^^^^^^^^^^^^^^^^^^
[INFO] [stdout] 
[INFO] [stdout] 
[INFO] [stdout] error[E0433]: failed to resolve: could not find `WindowBuilder` in `glutin`
[INFO] [stdout]   --> src/main.rs:42:34
[INFO] [stdout]    |
[INFO] [stdout] 42 |     let display = glium::glutin::WindowBuilder::new()
[INFO] [stdout]    |                                  ^^^^^^^^^^^^^ not found in `glium::glutin`
[INFO] [stdout]    |
[INFO] [stdout] help: consider importing this struct
[INFO] [stdout]    |
[INFO] [stdout] 7  | use glium::glutin::window::WindowBuilder;
[INFO] [stdout]    |
[INFO] [stdout] 
[INFO] [stdout] 
[INFO] [stdout] error[E0412]: cannot find type `Iso3` in crate `nalgebra`
[INFO] [stdout]    --> src/main.rs:134:31
[INFO] [stdout]     |
[INFO] [stdout] 134 |     let mut camera: nalgebra::Iso3<f32> = nalgebra::one();
[INFO] [stdout]     |                               ^^^^ not found in `nalgebra`
[INFO] [stdout] 
[INFO] [stdout] 
[INFO] [stdout] warning: unused import: `nalgebra::*`
[INFO] [stdout]   --> src/main.rs:22:6
[INFO] [stdout]    |
[INFO] [stdout] 22 |     use nalgebra::*;
[INFO] [stdout]    |         ^^^^^^^^^^^
[INFO] [stdout]    |
[INFO] [stdout]    = note: `#[warn(unused_imports)]` on by default
[INFO] [stdout] 
[INFO] [stdout] 
[INFO] [stdout] warning: unused import: `glium::Surface`
[INFO] [stdout]   --> src/main.rs:38:9
[INFO] [stdout]    |
[INFO] [stdout] 38 |     use glium::Surface;
[INFO] [stdout]    |         ^^^^^^^^^^^^^^
[INFO] [stdout] 
[INFO] [stdout] 
[INFO] [stdout] warning: unused import: `nalgebra`
[INFO] [stdout]   --> src/main.rs:39:9
[INFO] [stdout]    |
[INFO] [stdout] 39 |     use nalgebra::*;
[INFO] [stdout]    |         ^^^^^^^^
[INFO] [stdout] 
[INFO] [stdout] 
[INFO] [stdout] error: aborting due to 21 previous errors; 3 warnings emitted
[INFO] [stdout] 
[INFO] [stdout] 
[INFO] [stdout] Some errors have detailed explanations: E0412, E0432, E0433.
[INFO] [stdout] 
[INFO] [stdout] For more information about an error, try `rustc --explain E0412`.
[INFO] [stdout] 
[INFO] [stderr] error: could not compile `sphere_prototype`.
[INFO] [stderr] 
[INFO] [stderr] To learn more, run the command again with --verbose.
[INFO] [stderr] warning: build failed, waiting for other jobs to finish...
[INFO] [stdout] warning: unused import: `glium::Surface`
[INFO] [stdout]   --> src/main.rs:38:9
[INFO] [stdout]    |
[INFO] [stdout] 38 |     use glium::Surface;
[INFO] [stdout]    |         ^^^^^^^^^^^^^^
[INFO] [stdout] 
[INFO] [stdout] 
[INFO] [stdout] warning: unused import: `nalgebra`
[INFO] [stdout]   --> src/main.rs:39:9
[INFO] [stdout]    |
[INFO] [stdout] 39 |     use nalgebra::*;
[INFO] [stdout]    |         ^^^^^^^^
[INFO] [stdout] 
[INFO] [stdout] 
[INFO] [stdout] error: aborting due to 21 previous errors; 3 warnings emitted
[INFO] [stdout] 
[INFO] [stdout] 
[INFO] [stdout] Some errors have detailed explanations: E0412, E0432, E0433.
[INFO] [stdout] 
[INFO] [stdout] For more information about an error, try `rustc --explain E0412`.
[INFO] [stdout] 
[INFO] [stderr] error: build failed
[INFO] running `Command { std: "docker" "inspect" "8c33992f3e6f9c8d62bdb21f1fe745fd743e565f95cdb24ecb2cb23960e34542", kill_on_drop: false }`
[INFO] running `Command { std: "docker" "rm" "-f" "8c33992f3e6f9c8d62bdb21f1fe745fd743e565f95cdb24ecb2cb23960e34542", kill_on_drop: false }`
[INFO] [stdout] 8c33992f3e6f9c8d62bdb21f1fe745fd743e565f95cdb24ecb2cb23960e34542
